100010100011111111100
In base 14, what is 8 + 5d53d96?
5d53da0
In base 9, what is -6 + 1531357?
1531351
In base 8, what is 101 + -13035377?
-13035276
In base 12, what is -2 + -1026a60?
-1026a62
In base 9, what is 607 + 54538?
55246
In base 13, what is 1ba7 - 62bc?
-4415
In base 8, what is 1075054 + 162?
1075236
In base 11, what is -1170a861 - -2?
-1170a85a
In base 8, what is 50410453 - -7?
50410462
In base 12, what is -a0b2b3b - 3?
-a0b2b42
In base 10, what is -2 - 7781276?
-7781278
In base 5, what is 1040111240404 - 4?
1040111240400
In base 15, what is 8cb + -39ce?
-3103
In base 7, what is -2 + -306633104?
-306633106
In base 15, what is -1 + -28a455?
-28a456
In base 3, what is -10022211 - 20222020?
-101022001
In base 10, what is 5888 + -2750?
3138
In base 5, what is -2000 - 440132?
-442132
In base 11, what is -14719 - 26479?
-40097
In base 11, what is -6259 + -441?
-669a
In base 7, what is -1 - 34050?
-34051
In base 10, what is -7325 + -81485?
-88810
In base 5, what is 2131102401 - 33?
2131102313
In base 5, what is -421 - 12311133?
-12312104
In base 6, what is 454555214 + -50?
454555124
In base 5, what is -30313314 + 24033?
-30234231
In base 11, what is 606878 - 54?
606824
In base 11, what is a42a63 - 3?
a42a60
In base 16, what is -1 + -10542d7d?
-10542d7e
In base 14, what is b5 - -340d61?
341036
In base 15, what is 8 + 22342e?
223437
In base 9, what is 1175 - 2763?
-1577
In base 15, what is 3016 + 637?
364d
In base 3, what is -10002011120 + 10200?
-10002000220
In base 4, what is 23 - 20221313331130?
-20221313331101
In base 8, what is 4 + -1436351?
-1436345
In base 5, what is -1140224122 + 24?
-1140224043
In base 7, what is 103 + 13522141?
13522244
In base 10, what is 25845 + 141?
25986
In base 14, what is 0 - -20702cd?
20702cd
In base 9, what is -76 + -70047?
-70134
In base 12, what is 672b063 - 2?
672b061
In base 12, what is -b76 + -524a5?
-5345b
In base 2, what is 111011101101110010111001 + 100?
111011101101110010111101
In base 9, what is 117657035 - 5?
117657030
In base 14, what is -26a78 - 70?
-26b08
In base 6, what is -212241 + 14344?
-153453
In base 9, what is -326232 - -375?
-325746
In base 11, what is 111189a05 - -1?
111189a06
In base 15, what is 12b8ddb - -8?
12b8de4
In base 14, what is -1c + 9472c?
94710
In base 7, what is -433541 + -10?
-433551
In base 3, what is -10110 + -1022210221020?
-1022211001200
In base 14, what is 2cd50b - 235?
2cd2b6
In base 15, what is -674 + 1edd?
1869
In base 3, what is -121 - -10000012220200202?
10000012220200011
In base 15, what is -834 + -2?
-836
In base 4, what is -200133301132 + 1111?
-200133300021
In base 14, what is 334 + 38960?
38c94
In base 14, what is -9 - 86220?
-86229
In base 12, what is a070978 + 7?
a070983
In base 10, what is -1183443 - 5?
-1183448
In base 4, what is 113020202103 - -11?
113020202120
In base 4, what is 210233 + 2313?
213212
In base 10, what is -727891 + -91?
-727982
In base 16, what is 33025b5 + 5?
33025ba
In base 7, what is -6434622 - -1614?
-6433005
In base 15, what is -9 - -1aca68a?
1aca681
In base 12, what is 8 + -27286512?
-27286506
In base 5, what is 22 + -4142142122?
-4142142100
In base 5, what is 12200 - 112033?
-44333
In base 15, what is -60b - -79059?
7894d
In base 11, what is 2829a + 25?
28314
In base 5, what is -221 - -302242?
302021
In base 9, what is -10352701 - 3?
-10352704
In base 7, what is 643015 - 206?
642506
In base 15, what is -2 + 613292?
613290
In base 10, what is -56206233 - 1?
-56206234
In base 15, what is -17e - e46?
-10c5
In base 15, what is 9d67 + 30e?
a176
In base 13, what is 42 - 1958916?
-19588a4
In base 15, what is -1 - 7aa9859?
-7aa985a
In base 12, what is 5726a - -b8?
57366
In base 2, what is -110 - 1001100000110101010110110?
-1001100000110101010111100
In base 12, what is a68 - -389b1?
39859
In base 13, what is 0 + 104209a?
104209a
In base 6, what is 231443513 - 11?
231443502
In base 15, what is -318e21b - 0?
-318e21b
In base 13, what is 74 - -13b02?
13b76
In base 9, what is 266808 - -845?
267754
In base 16, what is -212 - 2da5c?
-2dc6e
In base 3, what is -1202122201 + -1201021?
-1211100222
In base 6, what is 321 + -1054044?
-1053323
In base 11, what is -11925 - 424?
-12249
In base 4, what is 10 + 313212231302?
313212231312
In base 4, what is -31301 + -1022012?
-1113313
In base 10, what is -8 - 7263350?
-7263358
In base 5, what is 201231421 + 1041?
201233012
In base 13, what is 4 - 228563?
-22855c
In base 9, what is 1 - 3435101?
-3435100
In base 8, what is 11 - -1527703?
1527714
In base 11, what is 205 - -3747?
3951
In base 4, what is -101010 + 1231222?
1130212
In base 16, what is -5 + -24c6f0?
-24c6f5
In base 13, what is 310 + a158?
a468
In base 10, what is 346150 - -233?
346383
In base 11, what is 36586 + 684?
3715a
In base 4, what is 1130302112 + 2322?
1130311100
In base 6, what is -1100530 - 1253?
-1102223
In base 9, what is 62 + 463211?
463273
In base 12, what is 83 + -802933?
-802870
In base 11, what is -2296 - -747?
-164a
In base 10, what is -6170561 + -1?
-6170562
In base 13, what is -b9786 + 3b?
-b9748
In base 2, what is -1000011101011011001110011 + 1?
-1000011101011011001110010
In base 11, what is -27a8a + -169?
-28148
In base 3, what is 21020122122002111 - -2?
21020122122002120
In base 2, what is -11 + -1101111101011010011101101011?
-1101111101011010011101101110
In base 14, what is 2834 + -c954?
-a120
In base 3, what is -121001022200 + -2001002?
-121010100202
In base 12, what is -15661 - -1173?
-144aa
In base 9, what is 61 + -36636260?
-36636188
In base 15, what is 11b0167 - 25?
11b0142
In base 15, what is 4d8 - -47e5?
4ccd
In base 13, what is 43122 + 2?
43124
In base 14, what is 3bd - -16107?
164c6
In base 8, what is -1360354636 + -5?
-1360354643
In base 13, what is 49604 + -13?
495c1
In base 9, what is -686 - 25173?
-25870
In base 12, what is 1b2028 + 666?
1b2692
In base 13, what is a69 + -4963?
-3bc7
In base 8, what is 325044347 + 3?
325044352
In base 10, what is -545621 + 75?
-545546
In base 16, what is 3 + -22c38a?
-22c387
In base 16, what is -afe - e879?
-f377
In base 15, what is -69832eb + -a?
-6983306
In base 16, what is -2fd97 - 10?
-2fda7
In base 15, what is 4dc + -2be5?
-2708
In base 12, what is 9033980 + 5?
9033985
In base 6, what is -11313 + 33545?
22232
In base 16, what is 58d + -226?
367
In base 11, what is 3a + 2a5531?
2a5570
In base 14, what is -6b16 + -9d?
-6bb5
In base 14, what is 5d - 38080?
-38021
In base 16, what is 42e74 - -16?
42e8a
In base 16, what is -1 - 42758d?
-42758e
In base 9, what is -146484713 - 3?
-146484716
In base 5, what is 2233 + -1044310?
-1042022
In base 14, what is 2 - 19ac4000?
-19ac3ddc
In base 4, what is 220021 + 1202200?
2022221
In base 10, what is 1 + -62350455?
-62350454
In base 13, what is -c4756c + 3?
-c47569
In base 12, what is 0 + 7048a9?
7048a9
In base 12, what is 37b - 1b2735?
-1b2376
In base 3, what is -20122121010 + -212?
-20122121222
In base 2, what is 1000000 - 110100010000110011011?
-110100010000101011011
In base 2, what is 101011001101 - -11010000111001100?
11010110010011001
In base 2, what is 1110100 - -1111000000001010110?
1111000000011001010
In base 10, what is -87672 + -583?
-88255
In base 7, what is 31056 - 42266?
-11210
In base 3, what is 1201122012212 - 102?
1201122012110
In base 13, what is 4 + 3ca6a43?
3ca6a47
In base 5, what is -110204 + -43441?
-204200
In base 11, what is 1a8 + -21786?
-21589
In base 12, what is -34b1 - 554?
-3a45
In base 5, what is 1100 + -342032130?
-342031030
In base 2, what is 101 + -1001101001110101100100100110?
-1001101001110101100100100001
In base 9, what is -425 - -1862251?
1861725
In base 5, what is 21321331032 - 10?
21321331022
In base 15, what is 1c635 + 5d?
1c693
In base 7, what is 35 + -512334?
-512266
In base 10, what is 54 - 14906?
-14852
In base 4, what is -1033103323 - 311?
-1033110300
In base 10, what is 2488 + 3074?
5562
In base 11, what is a91 + 14999?
1597a
In base 13, what is -7140 - -79?
-7094
In base 4, what is 3131 + 20323003?
20332200
In base 4, what is 10 - 131331133233?
-131331133223
In base 3, what is -20 - 21110011110212?
-21110011111002
In base 4, what is -131233101320103 + 11?
-131233101320032
In base 13, what is 133b - 2c3?
1048
In base 16, what is -8888c + 6b2?
-881da
In base 7, what is -342 + -3131063?
-